{"id":10,"date":"2019-04-07T10:35:45","date_gmt":"2019-04-07T10:35:45","guid":{"rendered":"http:\/\/alltagsbegleitung-hst.de\/?page_id=10"},"modified":"2020-10-08T17:13:06","modified_gmt":"2020-10-08T17:13:06","slug":"seite-1","status":"publish","type":"page","link":"http:\/\/alltagsbegleitung-hst.de\/","title":{"rendered":"Start"},"content":{"rendered":"\n<div class=\"wp-container-4 wp-block-group\"><div class=\"wp-block-group__inner-container\">\n<div class=\"wp-container-3 wp-block-columns\">\n<div class=\"wp-container-1 wp-block-column\" style=\"flex-basis:66.66%\">\n<p>Mein Konzept als Alltagsbegleiter ist umfassend. Ich werde Sie als \u00e4lterer und behinderter Mensch aufmerksam aktivieren und liebevoll begleiten. F\u00fcr Kinder und Jugendliche mit Handicap biete ich eine individuelle, zeitlich abgestimmte Betreuung an. Das gilt f\u00fcr die ambulante Versorgung in Privathaushalten in Stralsund und Umgebung.<br><br>Damit z\u00e4hle ich zu den besten Entlastungsangeboten f\u00fcr pflegende  Angeh\u00f6rige. Wenn Sie selbst einmal keine Zeit haben, um sich um Ihren  pflegebed\u00fcrftigen Angeh\u00f6rigen zu k\u00fcmmern oder eine Auszeit brauchen,  k\u00f6nnen Sie f\u00fcr ein paar Stunden im Monat ganz zuverl\u00e4ssig und  vertrauensvoll meine Hilfe in Anspruch nehmen. <br><br>Zu meinem Konzept geh\u00f6rt auch, dass ich den Betreuten f\u00fcr Gespr\u00e4che \u00fcber Allt\u00e4gliches zur Verf\u00fcgung stehe, dass ich Ihnen \u00c4ngste nehme und Orientierung vermittle. Betreuungs- und Aktivierungsangebote sollen sich an den Erwartungen, W\u00fcnschen, F\u00e4higkeiten und Befindlichkeiten des Anspruchsberechtigten orientieren. Dabei werde ich vor allem darauf achten, die individuelle Biographie des Betreuten zu kennen, denn gute Betreuung ist immer individuell.<br><br>Ich \u00fcbernehme keine pflegerischen Aufgaben, verabreiche keine Medikamente (Behandlungspflege SGB V) und helfe nicht bei der K\u00f6rperpflege (Grundpflege SGB XI). Es sind eben Alltagsaufgaben, die ich als Alltagsbegleiter \u00fcbernehme.<br><\/p>\n<\/div>\n\n\n\n<div class=\"wp-container-2 wp-block-column\" style=\"flex-basis:33.33%\">\n<figure class=\"wp-block-image size-large is-resized\"><img loading=\"lazy\" src=\"http:\/\/alltagsbegleitung-hst.de\/wp-content\/uploads\/2020\/09\/IMG_20200908_171425-429x1024.jpg\" alt=\"\" class=\"wp-image-307\" width=\"208\" height=\"495\" srcset=\"http:\/\/alltagsbegleitung-hst.de\/wp-content\/uploads\/2020\/09\/IMG_20200908_171425-429x1024.jpg 429w, http:\/\/alltagsbegleitung-hst.de\/wp-content\/uploads\/2020\/09\/IMG_20200908_171425-126x300.jpg 126w, http:\/\/alltagsbegleitung-hst.de\/wp-content\/uploads\/2020\/09\/IMG_20200908_171425-503x1200.jpg 503w\" sizes=\"(max-width: 208px) 100vw, 208px\" \/><\/figure>\n<\/div>\n<\/div>\n<\/div><\/div>\n\n\n\n<p><\/p>\n","protected":false},"excerpt":{"rendered":"<p>Mein Konzept als Alltagsbegleiter ist umfassend. Ich werde Sie als \u00e4lterer und behinderter Mensch aufmerksam aktivieren und liebevoll begleiten. F\u00fcr Kinder und Jugendliche mit Handicap biete ich eine individuelle, zeitlich abgestimmte Betreuung an. Das gilt f\u00fcr die ambulante Versorgung in Privathaushalten in Stralsund und Umgebung. Damit z\u00e4hle ich zu den besten Entlastungsangeboten f\u00fcr pflegende Angeh\u00f6rige. &hellip; <\/p>\n<p class=\"link-more\"><a href=\"http:\/\/alltagsbegleitung-hst.de\/\" class=\"more-link\">Continue reading<span class=\"screen-reader-text\"> &#8222;Start&#8220;<\/span><\/a><\/p>\n","protected":false},"author":1,"featured_media":0,"parent":0,"menu_order":0,"comment_status":"closed","ping_status":"closed","template":"template-home.php","meta":[],"_links":{"self":[{"href":"http:\/\/alltagsbegleitung-hst.de\/index.php?rest_route=\/wp\/v2\/pages\/10"}],"collection":[{"href":"http:\/\/alltagsbegleitung-hst.de\/index.php?rest_route=\/wp\/v2\/pages"}],"about":[{"href":"http:\/\/alltagsbegleitung-hst.de\/index.php?rest_route=\/wp\/v2\/types\/page"}],"author":[{"embeddable":true,"href":"http:\/\/alltagsbegleitung-hst.de\/index.php?rest_route=\/wp\/v2\/users\/1"}],"replies":[{"embeddable":true,"href":"http:\/\/alltagsbegleitung-hst.de\/index.php?rest_route=%2Fwp%2Fv2%2Fcomments&post=10"}],"version-history":[{"count":20,"href":"http:\/\/alltagsbegleitung-hst.de\/index.php?rest_route=\/wp\/v2\/pages\/10\/revisions"}],"predecessor-version":[{"id":312,"href":"http:\/\/alltagsbegleitung-hst.de\/index.php?rest_route=\/wp\/v2\/pages\/10\/revisions\/312"}],"wp:attachment":[{"href":"http:\/\/alltagsbegleitung-hst.de\/index.php?rest_route=%2Fwp%2Fv2%2Fmedia&parent=10"}],"curies":[{"name":"wp","href":"https:\/\/api.w.org\/{rel}","templated":true}]}}

<div class="wp-container-4 wp-block-group"><div class="wp-block-group__inner-container">
<div class="wp-container-3 wp-block-columns">
<div class="wp-container-1 wp-block-column" style="flex-basis:66.66%">
<p>Mein Konzept als Alltagsbegleiter ist umfassend. Ich werde Sie als älterer und behinderter Mensch aufmerksam aktivieren und liebevoll begleiten. Für Kinder und Jugendliche mit Handicap biete ich eine individuelle, zeitlich abgestimmte Betreuung an. Das gilt für die ambulante Versorgung in Privathaushalten in Stralsund und Umgebung.<br><br>Damit zähle ich zu den besten Entlastungsangeboten für pflegende  Angehörige. Wenn Sie selbst einmal keine Zeit haben, um sich um Ihren  pflegebedürftigen Angehörigen zu kümmern oder eine Auszeit brauchen,  können Sie für ein paar Stunden im Monat ganz zuverlässig und  vertrauensvoll meine Hilfe in Anspruch nehmen. <br><br>Zu meinem Konzept gehört auch, dass ich den Betreuten für Gespräche über Alltägliches zur Verfügung stehe, dass ich Ihnen Ängste nehme und Orientierung vermittle. Betreuungs- und Aktivierungsangebote sollen sich an den Erwartungen, Wünschen, Fähigkeiten und Befindlichkeiten des Anspruchsberechtigten orientieren. Dabei werde ich vor allem darauf achten, die individuelle Biographie des Betreuten zu kennen, denn gute Betreuung ist immer individuell.<br><br>Ich übernehme keine pflegerischen Aufgaben, verabreiche keine Medikamente (Behandlungspflege SGB V) und helfe nicht bei der Körperpflege (Grundpflege SGB XI). Es sind eben Alltagsaufgaben, die ich als Alltagsbegleiter übernehme.<br></p>
</div>



<div class="wp-container-2 wp-block-column" style="flex-basis:33.33%">
<figure class="wp-block-image size-large is-resized"><img loading="lazy" src="http://alltagsbegleitung-hst.de/wp-content/uploads/2020/09/IMG_20200908_171425-429x1024.jpg" alt="" class="wp-image-307" width="208" height="495" srcset="http://alltagsbegleitung-hst.de/wp-content/uploads/2020/09/IMG_20200908_171425-429x1024.jpg 429w, http://alltagsbegleitung-hst.de/wp-content/uploads/2020/09/IMG_20200908_171425-126x300.jpg 126w, http://alltagsbegleitung-hst.de/wp-content/uploads/2020/09/IMG_20200908_171425-503x1200.jpg 503w" sizes="(max-width: 208px) 100vw, 208px" /></figure>
</div>
</div>
</div></div>



<p></p>

<p>Mein Konzept als Alltagsbegleiter ist umfassend. Ich werde Sie als älterer und behinderter Mensch aufmerksam aktivieren und liebevoll begleiten. Für Kinder und Jugendliche mit Handicap biete ich eine individuelle, zeitlich abgestimmte Betreuung an. Das gilt für die ambulante Versorgung in Privathaushalten in Stralsund und Umgebung. Damit zähle ich zu den besten Entlastungsangeboten für pflegende Angehörige. &hellip; </p>
<p class="link-more"><a href="http://alltagsbegleitung-hst.de/" class="more-link">Continue reading<span class="screen-reader-text"> &#8222;Start&#8220;</span></a></p>
